What is the tens digit of x?
8
Let o(t) = -2 - 6 + 3*t + 0*t - 2*t. Let j be o(7). What is the units digit of (2/3*-3)/j?
2
Let i = 122 + -44. What is the tens digit of i?
7
Let y(b) = -3*b + 2 + 3*b - 4*b + b. What is the units digit of y(-2)?
8
Suppose 4*f - 186 = -50. What is the units digit of f?
4
Suppose -5*w = -0*w - 130. What is the units digit of w?
6
Let i be (56/35)/(4/10). Let g = i - 1. What is the units digit of g?
3
Suppose 4*i - 4 = 3*u - 20, -3*u - i + 11 = 0. Suppose 2*g - u*g + 8 = 0. What is the units digit of g?
4
Let q be 2/2 + -2 + -1. Let a(l) = -l**2 - 2*l - 1. Let g be a(q). What is the units digit of -1 + 12/3 + g?
2
Suppose 3*r = -13 + 40. Suppose 3*x - 12 = -x. What is the units digit of (-2)/(x/r + -1)?
3
Let n = 7 + -5. Suppose 3*a = n*a. Suppose a = p + 5*c - 35, p + c = 6*c - 15. What is the tens digit of p?
1
Suppose -4*m - 5*d + 186 = 0, -5*d + d = -m + 36. What is the tens digit of m?
4
Suppose 11*d - 519 = 3859. What is the tens digit of d?
9
Let i = -63 - -27. Let m be i/(0 - 1) + 0. Suppose 4*h + 3*k - 16 = -0*k, 4*h = 2*k + m. What is the units digit of h?
7
Let l be (1 + 1/(-2))*-2. Let f be (2/1)/(l - -3). What is the units digit of f + -2*1 + 9?
8
Let g(w) = 84*w**2 + 6*w + 7. What is the tens digit of g(-2)?
3
Let v(x) = 4*x**2 + 6 - 4*x + 0*x - 2*x**2 - x**2. What is the tens digit of v(9)?
5
Let j(m) = m**2 + 4*m + 13. Let t be j(-6). What is the units digit of 1*-2 + (t - -2)?
5
Suppose -5*x + 3*j - 3 = 0, 0 = x + 4*j - 2*j - 2. Let a be (5 + -15)*(-1)/2. Suppose a*q = -x*q + 20. What is the units digit of q?
4
Suppose 14 = -0*t + 2*t. Let k be t/1 + (-1 - 1). Suppose -3*u + 8 = h, 2*u + h = -0*h + k. What is the units digit of u?
3
Let r(u) = -u**2 + 14*u + 8. What is the units digit of r(14)?
8
What is the tens digit of (-88)/6*(10/(-4) - -1)?
2
Let m be (2/4)/(3/6). Suppose -5 = -w - m. What is the units digit of w?
4
Let p = -11 + 4. Let y(n) = -6 - n + 0*n + 0. What is the units digit of y(p)?
1
Suppose 0 = 5*w - 4 + 9. Suppose -3*k = -5 - 4. Let f = k - w. What is the units digit of f?
4
Let a = 5 + -4. What is the units digit of a?
1
Let v be 9 - 3/6*-6. What is the units digit of v/8*(-156)/(-9)?
6
Let x = 11 + -17. Let f be (1 - -12)*(x + 7). What is the units digit of f/1 + (-2 - 0)?
1
Suppose 0 = -3*r - 2*r + 110. Let o = r + -10. What is the tens digit of o?
1
Let n(t) = -7*t**3 - 1. Let l be n(-1). Let f(y) = -2*y + 2. Let c(v) = 2*v - 3. Let m(p) = 7*c(p) + 6*f(p). What is the units digit of m(l)?
3
Let g(w) = -w**2 + 4*w. Suppose -u - 3*u + 12 = 0. Let n be g(u). Suppose -5*m - p = n*p - 34, -3*m + 5*p = -50. What is the tens digit of m?
1
What is the units digit of (-1 - 3)/((-4)/42)?
2
Let n(g) = g**3 - 5*g**2 + 4. Let u be n(5). What is the units digit of u/12 - 186/(-9)?
1
Let h(m) = 2*m - 2. Let y be (-4)/5*5/(-2). Let u be h(y). What is the units digit of u/(1/4*2)?
4
Let w = -8 + 10. Suppose w*u + 12 = 3*u. What is the units digit of u?
2
Let z = -25 - -43. Suppose z = -4*c + 90. What is the units digit of c?
8
Let v(z) = z + 3. Let l be v(4). Suppose 4*s = 55 + 5. Suppose 2*p + s = l*p. What is the units digit of p?
3
Suppose -4 + 1 = -i. Let r(g) = -g**3 + 2*g**2 + 5*g - 2. Let h be r(i). Suppose -j + 2*b = -6, -h*j + b = -0*b - 24. What is the units digit of j?
6
Let x(w) = w**2 + 9*w - 8. Let r be x(-10). Let o = 3 - r. Let c(f) = 10*f**2 - 2*f + 1. What is the units digit of c(o)?
9
Suppose 2*j = 3*j - 57. What is the tens digit of j?
5
Let u(v) = -v - 10. Let s be u(-9). Let x be -2*1*(s - 1). What is the units digit of x/((-1)/((-3)/2))?
6
Let y be (-30)/(-4)*12/15. Let o = -4 + y. What is the units digit of o?
2
Let a = 10 + -6. What is the units digit of 46/a*(8 - 6)?
3
Suppose -l = 5*o - 3*l - 25, -2*l - 19 = -3*o. Let p be (-2)/2 - o/3. What is the units digit of (-16)/(-6) + p/(-6)?
3
Let h = 25 + -9. Let f(a) = a**3 + 3*a**2 + 2*a. Let u be f(-2). Suppose -2*q + h = -u*q. What is the units digit of q?
8
What is the units digit of ((-3)/5)/((-2)/40)?
2
Suppose 4*l = -5*v - 4, 3*v + 0*v + 1 = -l. Let j(m) = 3*m**2 + 2*m - 3. Let f be j(-4). Suppose v = 4*q - f - 3. What is the tens digit of q?
1
Suppose 3*z - 2*u + 26 = 3*u, -z = 5*u + 2. What is the units digit of 50 + z + 2 + 0?
5
Suppose -5*q = r - 675, 0*q - 3*r + 685 = 5*q. What is the units digit of q?
4
Let w(b) = -14*b - 4. What is the tens digit of w(-13)?
7
Suppose 0 = 4*t + 2*p - 26, -5*t - 4*p + 6 = -34. Suppose 3*o + 1 = t. What is the units digit of o?
1
Let v(d) be the third derivative of -d**5/60 - 5*d**4/12 + 4*d**3/3 - 5*d**2. What is the units digit of v(-10)?
8
Let w = -24 - -34. Let c = w - -3. What is the tens digit of c?
1
Let w = -358 - -535. Let v be w/12 - 1/(-4). Suppose -c - 6 = -v. What is the units digit of c?
9
Suppose 2*w + 65 = 5*u, -2*u - 70 = 4*w - 0*u. Let t = w + 55. What is the tens digit of t?
3
Let g = -31 + 52. What is the tens digit of g?
2
Let u(r) be the third derivative of r**6/120 + r**5/20 - r**4/24 - r**3/6 - 2*r**2. Let b be u(-3). Suppose 0 = -w - 0 + b. What is the units digit of w?
2
Let b(f) be the first derivative of f**3/3 - f**2 - 2*f + 3. What is the units digit of b(-4)?
2
What is the units digit of (2/(-4))/((-9)/108) - -1?
7
Let q(u) = -u**3 + u**2 - 11*u - 4. Let v(x) = x**2 - x. Let g(l) = -q(l) + 6*v(l). Let o be g(-3). Suppose o = -4*j + 39. What is the units digit of j?
8
Let j = 479 - 301. What is the units digit of j?
8
Let s = 1 - 11. Let c = 17 + s. What is the units digit of c?
7
Suppose -7*v + 521 = 129. What is the units digit of v?
6
Suppose v = -v - 326. What is the tens digit of 10/(-35) - v/7?
2
Suppose 15 = -0*d + 5*d. Suppose 0 = d*k + k - 52. What is the units digit of k?
3
Let f(c) = c**3 - 12*c**2 - 13*c + 17. Suppose 51 + 14 = 5*z. What is the tens digit of f(z)?
1
Let c = 7 + -5. Suppose -o + c = 20. What is the tens digit of (6/(-9))/(1/o)?
1
Suppose 4*j = 8, k - 4*j + 3*j = 44. Suppose -4 = 4*l, -4*v - 8 = 2*l - k. What is the units digit of v?
0
Let r be (-2 - -1) + 4/2. Let h(p) = -5 + r + 0 - 2*p. What is the units digit of h(-6)?
8
Let w be (-4 + (-6)/(-3))*1. Let y be 2/1 + (-66)/w. Suppose -a = 4*a - y. What is the units digit of a?
7
What is the tens digit of 2/(-4)*(-56 - 22)?
3
Let g(n) be the third derivative of -n**5/60 + 5*n**4/24 + 7*n**3/6 - 2*n**2. What is the units digit of g(6)?
1
Let f = -25 - -13. What is the units digit of -4*(0 - (-15)/f)?
5
Let y be -2 + 2 - (-12)/4. Suppose 0*n - 2*n + 58 = 2*v, -y*n = 4*v - 116. Suppose -5*i = 5*c - 55, -3*c - 3*i + v = -2*i. What is the units digit of c?
9
Let b = 78 + -20. What is the units digit of b?
8
Suppose 2*x + 4 = 3*c - 15, 16 = 2*c - 2*x. Suppose -5*p - 3*t = -2*t - 26, c*p - 11 = 4*t. What is the units digit of p?
5
Let w(l) = l**3 + 9*l**2 + l + 20. What is the units digit of w(-9)?
1
Suppose -m = -0*m - 2*y - 14, -4*m = -2*y - 32. What is the units digit of m?
6
Suppose -5 = -3*m + 2*o, 0*m = -3*m + 5*o - 1. Suppose 4*c = -2*b + 6*b + 40, -m*c + 27 = -2*b. What is the units digit of c?
7
Suppose -2*q = -3*t - 4*q + 44, -3*t + 69 = -3*q. Suppose -2*b + 5*b - t = 0. Suppose -b*a = -a - 20. What is the units digit of a?
4
Suppose -s - 2 = -6. Let h(l) = 0*l + 0 - s - 1 + 3*l. What is the tens digit of h(6)?
1
Let b(x) = -11*x + 4. Let d(h) = h**3 + 5*h**2 - 4*h + 7. Let z be d(-6). Let g(l) = -10*l + 3. Let j(v) = z*b(v) + 6*g(v). What is the tens digit of j(-3)?
1
Let d be ((-8)/12)/((-6)/9). Suppose -b - d = 0, 5*b - 107 = -5*x - 22. What is the tens digit of x?
1
Suppose 0 = 3*i - 4*i + 34. What is the units digit of i?
4
Let j = 3 - -5. Suppose 7*t - j = 3*t. Suppose -5*c + 5*o = -30, t*o - 20 = -2*c - 0*c. What is the units digit of c?
8
Let s be (-1)/(-2) - (-53)/2. Let p = -22 + s. What is the units digit of p?
5
Let y = -27 - -18. Let a = 1 - y. What is the units digit of a?
0
Let a(m) = -9*m + 2. Let b(q) = 1. Let r(f) = -a(f) - 2*b(f). What is the tens digit of r(3)?
2
What is the hundreds digit of -25*(4 + -2)*407/(-55)?
3
Let k(t) = 2*t**2 - 5*t + 1. Let c(j) = -j**2 + j + 1. Let o(a) = 3*c(a) + k(a). What is the units digit of o(-3)?
1
Let r be ((-4)/8)/((-1)/(-2)). Let j be (-2 - r)/(2/(-8)). Suppose 0 = -a + j*a - 54. What is the tens digit of 